{"id":21,"date":"2016-09-22T16:09:43","date_gmt":"2016-09-22T15:09:43","guid":{"rendered":"http:\/\/chalupa.brusna.cz\/?page_id=21"},"modified":"2016-09-27T16:17:15","modified_gmt":"2016-09-27T15:17:15","slug":"vylety","status":"publish","type":"page","link":"https:\/\/chalupa.brusna.cz\/?page_id=21&lang=cs","title":{"rendered":"V\u00fdlety"},"content":{"rendered":"<p>Zat\u00edmco jste ubytov\u00e1ni v Brusn\u00e9, pro\u010d nevyu\u017e\u00edt p\u0159\u00edle\u017eitosti k n\u00e1v\u0161t\u011bv\u011b zaj\u00edmav\u00fdch m\u00edst v okol\u00ed. Ji\u017en\u00ed \u010cechy jsou zn\u00e1m\u00e9 pro sv\u00e9 barvit\u00e9 a malebn\u00e9 vesni\u010dky. Jednou z nich je bezesporu \u201eperla selsk\u00e9ho baroka&#8220; vesni\u010dka Hola\u0161ovice, kter\u00e1 je 14 km od Brusn\u00e9.\u00a0 <a href=\"http:\/\/www.holasovice.eu\/\" target=\"_blank\"><strong>Hola\u0161ovice<\/strong><\/a> byly v roce 1998 pro svoji ojedin\u011blost zaneseny do Seznamu kulturn\u00edho d\u011bdictv\u00ed UNESCO a jist\u011b stoj\u00ed za Va\u0161\u00ed n\u00e1v\u0161t\u011bvu, a\u0165 u\u017e autem nebo na kole.<\/p>\n<!-- default-view.php -->\n<div\n\tclass=\"ngg-galleryoverview default-view  ngg-ajax-pagination-none\"\n\tid=\"ngg-gallery-ab0fd7a3638001b7df9c967e07660cbf-1\">\n\n\t\t<!-- Thumbnails -->\n\t\t\t\t<div id=\"ngg-image-0\" class=\"ngg-gallery-thumbnail-box \" >\n\t\t\t\t        <div class=\"ngg-gallery-thumbnail\">\n            <a href=\"https:\/\/chalupa.brusna.cz\/wp-content\/gallery\/holasovice\/1.jpg\"\n               title=\"\"\n               data-src=\"https:\/\/chalupa.brusna.cz\/wp-content\/gallery\/holasovice\/1.jpg\"\n               data-thumbnail=\"https:\/\/chalupa.brusna.cz\/wp-content\/gallery\/holasovice\/thumbs\/thumbs_1.jpg\"\n               data-image-id=\"37\"\n               data-title=\"1\"\n               data-description=\"\"\n               data-image-slug=\"1-2\"\n               class=\"ngg-fancybox\" rel=\"ab0fd7a3638001b7df9c967e07660cbf\">\n                <img\n                    title=\"1\"\n                    alt=\"1\"\n                    src=\"https:\/\/chalupa.brusna.cz\/wp-content\/gallery\/holasovice\/thumbs\/thumbs_1.jpg\"\n                    width=\"240\"\n                    height=\"160\"\n                    style=\"max-width:100%;\"\n                \/>\n            <\/a>\n        <\/div>\n\t\t\t\t\t\t\t<\/div> \n\t\t\t\n\t\t\t\t<div id=\"ngg-image-1\" class=\"ngg-gallery-thumbnail-box \" >\n\t\t\t\t        <div class=\"ngg-gallery-thumbnail\">\n            <a href=\"https:\/\/chalupa.brusna.cz\/wp-content\/gallery\/holasovice\/3.jpg\"\n               title=\"\"\n               data-src=\"https:\/\/chalupa.brusna.cz\/wp-content\/gallery\/holasovice\/3.jpg\"\n               data-thumbnail=\"https:\/\/chalupa.brusna.cz\/wp-content\/gallery\/holasovice\/thumbs\/thumbs_3.jpg\"\n               data-image-id=\"38\"\n               data-title=\"3\"\n               data-description=\"\"\n               data-image-slug=\"3-2\"\n               class=\"ngg-fancybox\" rel=\"ab0fd7a3638001b7df9c967e07660cbf\">\n                <img\n                    title=\"3\"\n                    alt=\"3\"\n                    src=\"https:\/\/chalupa.brusna.cz\/wp-content\/gallery\/holasovice\/thumbs\/thumbs_3.jpg\"\n                    width=\"240\"\n                    height=\"160\"\n                    style=\"max-width:100%;\"\n                \/>\n            <\/a>\n        <\/div>\n\t\t\t\t\t\t\t<\/div> \n\t\t\t\n\t\t\t\t<div id=\"ngg-image-2\" class=\"ngg-gallery-thumbnail-box \" >\n\t\t\t\t        <div class=\"ngg-gallery-thumbnail\">\n            <a href=\"https:\/\/chalupa.brusna.cz\/wp-content\/gallery\/holasovice\/4-1.jpg\"\n               title=\"\"\n               data-src=\"https:\/\/chalupa.brusna.cz\/wp-content\/gallery\/holasovice\/4-1.jpg\"\n               data-thumbnail=\"https:\/\/chalupa.brusna.cz\/wp-content\/gallery\/holasovice\/thumbs\/thumbs_4-1.jpg\"\n               data-image-id=\"39\"\n               data-title=\"4 (1)\"\n               data-description=\"\"\n               data-image-slug=\"4-1-1\"\n               class=\"ngg-fancybox\" rel=\"ab0fd7a3638001b7df9c967e07660cbf\">\n                <img\n                    title=\"4 (1)\"\n                    alt=\"4 (1)\"\n                    src=\"https:\/\/chalupa.brusna.cz\/wp-content\/gallery\/holasovice\/thumbs\/thumbs_4-1.jpg\"\n                    width=\"240\"\n                    height=\"160\"\n                    style=\"max-width:100%;\"\n                \/>\n            <\/a>\n        <\/div>\n\t\t\t\t\t\t\t<\/div> \n\t\t\t\n\t\n\t<br style=\"clear: both\" \/>\n\n\t\t<div class=\"slideshowlink\">\n        <a href='https:\/\/chalupa.brusna.cz\/index.php\/nggallery\/slideshow?page_id=21&#038;lang=cs'>[Uk\u00e1zat prezentaci]<\/a>\n\t\t\n\t<\/div>\n\t\n\t\t<!-- Pagination -->\n\t<div class='ngg-clear'><\/div>\t<\/div>\n\n<p>Dal\u0161\u00ed pam\u00e1tkou UNESCO je proslul\u00e9 m\u011bsto <a href=\"http:\/\/www.ckrumlov.info\/php\/\" target=\"_blank\"><strong>\u010cesk\u00fd Krumlov<\/strong><\/a>, jedno z nejkr\u00e1sn\u011bj\u0161\u00edch st\u0159edov\u011bk\u00fdch m\u011bst v Evrop\u011b, kter\u00e9 je vzd\u00e1len\u00e9 cca 30 km. M\u016f\u017eete zde jen tak bloudit \u00fazk\u00fdmi, dl\u00e1\u017ed\u011bn\u00fdmi ulicemi m\u011bsta, kter\u00e9 V\u00e1s p\u0159enesou zp\u00e1tky v \u010dase. Naleznete zde mnoho budov sahaj\u00edc\u00edch a\u017e do 13.stolet\u00ed. Nebo si odpo\u010dinout na lavi\u010dce v kr\u00e1sn\u00e9 z\u00e1meck\u00e9 zahrad\u011b \u010di na\u010derpat s\u00edli p\u0159i lehk\u00e9m ob\u011bd\u011b v jedn\u00e9 z mnoha m\u00edstn\u00edch restaurac\u00ed na b\u0159ehu \u0159eky. Odtud m\u016f\u017eete sledovat vod\u00e1ky, jak pluj\u00ed na sv\u00fdch k\u00e1no\u00edch \u010di raftech po Vltav\u011b.<\/p>\n<!-- default-view.php -->\n<div\n\tclass=\"ngg-galleryoverview default-view  ngg-ajax-pagination-none\"\n\tid=\"ngg-gallery-85caad68532adb07ae232bb97c1eb0fa-1\">\n\n\t\t<!-- Thumbnails -->\n\t\t\t\t<div id=\"ngg-image-0\" class=\"ngg-gallery-thumbnail-box \" >\n\t\t\t\t        <div class=\"ngg-gallery-thumbnail\">\n            <a href=\"https:\/\/chalupa.brusna.cz\/wp-content\/gallery\/krumlov\/1.jpg\"\n               title=\"\"\n               data-src=\"https:\/\/chalupa.brusna.cz\/wp-content\/gallery\/krumlov\/1.jpg\"\n               data-thumbnail=\"https:\/\/chalupa.brusna.cz\/wp-content\/gallery\/krumlov\/thumbs\/thumbs_1.jpg\"\n               data-image-id=\"46\"\n               data-title=\"1\"\n               data-description=\"\"\n               data-image-slug=\"1-3\"\n               class=\"ngg-fancybox\" rel=\"85caad68532adb07ae232bb97c1eb0fa\">\n                <img\n                    title=\"1\"\n                    alt=\"1\"\n                    src=\"https:\/\/chalupa.brusna.cz\/wp-content\/gallery\/krumlov\/thumbs\/thumbs_1.jpg\"\n                    width=\"240\"\n                    height=\"160\"\n                    style=\"max-width:100%;\"\n                \/>\n            <\/a>\n        <\/div>\n\t\t\t\t\t\t\t<\/div> \n\t\t\t\n\t\t\t\t<div id=\"ngg-image-1\" class=\"ngg-gallery-thumbnail-box \" >\n\t\t\t\t        <div class=\"ngg-gallery-thumbnail\">\n            <a href=\"https:\/\/chalupa.brusna.cz\/wp-content\/gallery\/krumlov\/3.jpg\"\n               title=\"\"\n               data-src=\"https:\/\/chalupa.brusna.cz\/wp-content\/gallery\/krumlov\/3.jpg\"\n               data-thumbnail=\"https:\/\/chalupa.brusna.cz\/wp-content\/gallery\/krumlov\/thumbs\/thumbs_3.jpg\"\n               data-image-id=\"47\"\n               data-title=\"3\"\n               data-description=\"\"\n               data-image-slug=\"3-3\"\n               class=\"ngg-fancybox\" rel=\"85caad68532adb07ae232bb97c1eb0fa\">\n                <img\n                    title=\"3\"\n                    alt=\"3\"\n                    src=\"https:\/\/chalupa.brusna.cz\/wp-content\/gallery\/krumlov\/thumbs\/thumbs_3.jpg\"\n                    width=\"240\"\n                    height=\"160\"\n                    style=\"max-width:100%;\"\n                \/>\n            <\/a>\n        <\/div>\n\t\t\t\t\t\t\t<\/div> \n\t\t\t\n\t\t\t\t<div id=\"ngg-image-2\" class=\"ngg-gallery-thumbnail-box \" >\n\t\t\t\t        <div class=\"ngg-gallery-thumbnail\">\n            <a href=\"https:\/\/chalupa.brusna.cz\/wp-content\/gallery\/krumlov\/4.jpg\"\n               title=\"\"\n               data-src=\"https:\/\/chalupa.brusna.cz\/wp-content\/gallery\/krumlov\/4.jpg\"\n               data-thumbnail=\"https:\/\/chalupa.brusna.cz\/wp-content\/gallery\/krumlov\/thumbs\/thumbs_4.jpg\"\n               data-image-id=\"48\"\n               data-title=\"4\"\n               data-description=\"\"\n               data-image-slug=\"4-2\"\n               class=\"ngg-fancybox\" rel=\"85caad68532adb07ae232bb97c1eb0fa\">\n                <img\n                    title=\"4\"\n                    alt=\"4\"\n                    src=\"https:\/\/chalupa.brusna.cz\/wp-content\/gallery\/krumlov\/thumbs\/thumbs_4.jpg\"\n                    width=\"240\"\n                    height=\"160\"\n                    style=\"max-width:100%;\"\n                \/>\n            <\/a>\n        <\/div>\n\t\t\t\t\t\t\t<\/div> \n\t\t\t\n\t\n\t<br style=\"clear: both\" \/>\n\n\t\t<div class=\"slideshowlink\">\n        <a href='https:\/\/chalupa.brusna.cz\/index.php\/nggallery\/slideshow?page_id=21&#038;lang=cs'>[Uk\u00e1zat prezentaci]<\/a>\n\t\t\n\t<\/div>\n\t\n\t\t<!-- Pagination -->\n\t<div class='ngg-clear'><\/div>\t<\/div>\n\n<p>V\u00fdlet do ji\u017en\u00edch \u010cech by nebyl \u00fapln\u00fd bez n\u00e1v\u0161t\u011bvy <a title=\"http:\/\/www.zamek-hluboka.eu\/\" href=\"http:\/\/www.zamek-hluboka.eu\/\" target=\"_blank\"><strong>Z\u00e1mku Hlubok\u00e1<\/strong><\/a>, kde bylo nato\u010deno mnoho \u010desk\u00fdch poh\u00e1dek. Nach\u00e1z\u00ed se p\u0159ibli\u017en\u011b 30km od Brusn\u00e9. A pokud m\u00e1te d\u011bti, pro\u010d je nevz\u00edt na Hlubok\u00e9 do <a title=\"http:\/\/www.zoo-ohrada.cz\" href=\"http:\/\/www.zoo-ohrada.cz\/\" target=\"_blank\"><strong>ZOO<\/strong><\/a>. Krom\u011b zv\u00ed\u0159at samotn\u00fdch, je zde kr\u00e1sn\u00e9 d\u011btsk\u00e9 h\u0159i\u0161t\u011b, co\u017e pro n\u011b bude jist\u011b velk\u00fdm hitem.<\/p>\n<!-- default-view.php -->\n<div\n\tclass=\"ngg-galleryoverview default-view  ngg-ajax-pagination-none\"\n\tid=\"ngg-gallery-e822128e13254f62863ea22d3e1c1a6a-1\">\n\n\t\t<!-- Thumbnails -->\n\t\t\t\t<div id=\"ngg-image-0\" class=\"ngg-gallery-thumbnail-box \" >\n\t\t\t\t        <div class=\"ngg-gallery-thumbnail\">\n            <a href=\"https:\/\/chalupa.brusna.cz\/wp-content\/gallery\/hluboka\/1-1.jpg\"\n               title=\"\"\n               data-src=\"https:\/\/chalupa.brusna.cz\/wp-content\/gallery\/hluboka\/1-1.jpg\"\n               data-thumbnail=\"https:\/\/chalupa.brusna.cz\/wp-content\/gallery\/hluboka\/thumbs\/thumbs_1-1.jpg\"\n               data-image-id=\"34\"\n               data-title=\"1-1\"\n               data-description=\"\"\n               data-image-slug=\"1-1\"\n               class=\"ngg-fancybox\" rel=\"e822128e13254f62863ea22d3e1c1a6a\">\n                <img\n                    title=\"1-1\"\n                    alt=\"1-1\"\n                    src=\"https:\/\/chalupa.brusna.cz\/wp-content\/gallery\/hluboka\/thumbs\/thumbs_1-1.jpg\"\n                    width=\"240\"\n                    height=\"160\"\n                    style=\"max-width:100%;\"\n                \/>\n            <\/a>\n        <\/div>\n\t\t\t\t\t\t\t<\/div> \n\t\t\t\n\t\t\t\t<div id=\"ngg-image-1\" class=\"ngg-gallery-thumbnail-box \" >\n\t\t\t\t        <div class=\"ngg-gallery-thumbnail\">\n            <a href=\"https:\/\/chalupa.brusna.cz\/wp-content\/gallery\/hluboka\/2.jpg\"\n               title=\"\"\n               data-src=\"https:\/\/chalupa.brusna.cz\/wp-content\/gallery\/hluboka\/2.jpg\"\n               data-thumbnail=\"https:\/\/chalupa.brusna.cz\/wp-content\/gallery\/hluboka\/thumbs\/thumbs_2.jpg\"\n               data-image-id=\"35\"\n               data-title=\"2\"\n               data-description=\"\"\n               data-image-slug=\"2-1\"\n               class=\"ngg-fancybox\" rel=\"e822128e13254f62863ea22d3e1c1a6a\">\n                <img\n                    title=\"2\"\n                    alt=\"2\"\n                    src=\"https:\/\/chalupa.brusna.cz\/wp-content\/gallery\/hluboka\/thumbs\/thumbs_2.jpg\"\n                    width=\"240\"\n                    height=\"160\"\n                    style=\"max-width:100%;\"\n                \/>\n            <\/a>\n        <\/div>\n\t\t\t\t\t\t\t<\/div> \n\t\t\t\n\t\t\t\t<div id=\"ngg-image-2\" class=\"ngg-gallery-thumbnail-box \" >\n\t\t\t\t        <div class=\"ngg-gallery-thumbnail\">\n            <a href=\"https:\/\/chalupa.brusna.cz\/wp-content\/gallery\/hluboka\/ohrada.jpg\"\n               title=\"\"\n               data-src=\"https:\/\/chalupa.brusna.cz\/wp-content\/gallery\/hluboka\/ohrada.jpg\"\n               data-thumbnail=\"https:\/\/chalupa.brusna.cz\/wp-content\/gallery\/hluboka\/thumbs\/thumbs_ohrada.jpg\"\n               data-image-id=\"36\"\n               data-title=\"ohrada\"\n               data-description=\"\"\n               data-image-slug=\"ohrada\"\n               class=\"ngg-fancybox\" rel=\"e822128e13254f62863ea22d3e1c1a6a\">\n                <img\n                    title=\"ohrada\"\n                    alt=\"ohrada\"\n                    src=\"https:\/\/chalupa.brusna.cz\/wp-content\/gallery\/hluboka\/thumbs\/thumbs_ohrada.jpg\"\n                    width=\"240\"\n                    height=\"160\"\n                    style=\"max-width:100%;\"\n                \/>\n            <\/a>\n        <\/div>\n\t\t\t\t\t\t\t<\/div> \n\t\t\t\n\t\n\t<br style=\"clear: both\" \/>\n\n\t\t<div class=\"slideshowlink\">\n        <a href='https:\/\/chalupa.brusna.cz\/index.php\/nggallery\/slideshow?page_id=21&#038;lang=cs'>[Uk\u00e1zat prezentaci]<\/a>\n\t\t\n\t<\/div>\n\t\n\t\t<!-- Pagination -->\n\t<div class='ngg-clear'><\/div>\t<\/div>\n\n<p>Pokud d\u00e1v\u00e1te p\u0159ednost z\u0159\u00edcenin\u00e1m hradu, tak pro\u010d nenav\u0161t\u00edvit romantickou z\u0159\u00edceninu hradu <a title=\"http:\/\/www.divcikamen.cz\/\" href=\"http:\/\/www.divcikamen.cz\/\" target=\"_blank\"><strong>D\u00edv\u010d\u00ed K\u00e1men<\/strong><\/a> (29km).\u00a0 Z\u0159\u00edcenina se nach\u00e1z\u00ed na vrcholu kopce, odkud je kr\u00e1sn\u00fd v\u00fdhled na \u0159eku Vltavu. Je to fantastick\u00e9 m\u00edsto na piknik, kde m\u016f\u017eete p\u0159\u00edjemn\u011b str\u00e1vit cel\u00e9 odpoledne. Nebo nav\u0161tivte z\u0159\u00edceninu hradu <a title=\"http:\/\/www.helfenburk.estranky.cz\/\" href=\"http:\/\/www.helfenburk.estranky.cz\/\" target=\"_blank\"><strong>Helfenburk<\/strong><\/a> (23km), sah\u00e1 a\u017e do po\u010d\u00e1tku roku 1300. Je zde rozhledna, kter\u00e1 nab\u00edz\u00ed panoramatick\u00fd v\u00fdhled na okoln\u00ed krajinu.<\/p>\n<!-- default-view.php -->\n<div\n\tclass=\"ngg-galleryoverview default-view  ngg-ajax-pagination-none\"\n\tid=\"ngg-gallery-f5b2af924c91d7fd4e577e88390d7128-1\">\n\n\t\t<!-- Thumbnails -->\n\t\t\t\t<div id=\"ngg-image-0\" class=\"ngg-gallery-thumbnail-box \" >\n\t\t\t\t        <div class=\"ngg-gallery-thumbnail\">\n            <a href=\"https:\/\/chalupa.brusna.cz\/wp-content\/gallery\/hrady\/divci_kamen.jpg\"\n               title=\"\"\n               data-src=\"https:\/\/chalupa.brusna.cz\/wp-content\/gallery\/hrady\/divci_kamen.jpg\"\n               data-thumbnail=\"https:\/\/chalupa.brusna.cz\/wp-content\/gallery\/hrady\/thumbs\/thumbs_divci_kamen.jpg\"\n               data-image-id=\"40\"\n               data-title=\"divci_kamen\"\n               data-description=\"\"\n               data-image-slug=\"divci_kamen\"\n               class=\"ngg-fancybox\" rel=\"f5b2af924c91d7fd4e577e88390d7128\">\n                <img\n                    title=\"divci_kamen\"\n                    alt=\"divci_kamen\"\n                    src=\"https:\/\/chalupa.brusna.cz\/wp-content\/gallery\/hrady\/thumbs\/thumbs_divci_kamen.jpg\"\n                    width=\"240\"\n                    height=\"160\"\n                    style=\"max-width:100%;\"\n                \/>\n            <\/a>\n        <\/div>\n\t\t\t\t\t\t\t<\/div> \n\t\t\t\n\t\t\t\t<div id=\"ngg-image-1\" class=\"ngg-gallery-thumbnail-box \" >\n\t\t\t\t        <div class=\"ngg-gallery-thumbnail\">\n            <a href=\"https:\/\/chalupa.brusna.cz\/wp-content\/gallery\/hrady\/DivciKamen.jpg\"\n               title=\"\"\n               data-src=\"https:\/\/chalupa.brusna.cz\/wp-content\/gallery\/hrady\/DivciKamen.jpg\"\n               data-thumbnail=\"https:\/\/chalupa.brusna.cz\/wp-content\/gallery\/hrady\/thumbs\/thumbs_DivciKamen.jpg\"\n               data-image-id=\"41\"\n               data-title=\"DivciKamen\"\n               data-description=\"\"\n               data-image-slug=\"divcikamen\"\n               class=\"ngg-fancybox\" rel=\"f5b2af924c91d7fd4e577e88390d7128\">\n                <img\n                    title=\"DivciKamen\"\n                    alt=\"DivciKamen\"\n                    src=\"https:\/\/chalupa.brusna.cz\/wp-content\/gallery\/hrady\/thumbs\/thumbs_DivciKamen.jpg\"\n                    width=\"240\"\n                    height=\"160\"\n                    style=\"max-width:100%;\"\n                \/>\n            <\/a>\n        <\/div>\n\t\t\t\t\t\t\t<\/div> \n\t\t\t\n\t\t\t\t<div id=\"ngg-image-2\" class=\"ngg-gallery-thumbnail-box \" >\n\t\t\t\t        <div class=\"ngg-gallery-thumbnail\">\n            <a href=\"https:\/\/chalupa.brusna.cz\/wp-content\/gallery\/hrady\/helfenburk-u-bavorova-vez.jpg\"\n               title=\"\"\n               data-src=\"https:\/\/chalupa.brusna.cz\/wp-content\/gallery\/hrady\/helfenburk-u-bavorova-vez.jpg\"\n               data-thumbnail=\"https:\/\/chalupa.brusna.cz\/wp-content\/gallery\/hrady\/thumbs\/thumbs_helfenburk-u-bavorova-vez.jpg\"\n               data-image-id=\"42\"\n               data-title=\"helfenburk-u-bavorova-vez\"\n               data-description=\"\"\n               data-image-slug=\"helfenburk-u-bavorova-vez\"\n               class=\"ngg-fancybox\" rel=\"f5b2af924c91d7fd4e577e88390d7128\">\n                <img\n                    title=\"helfenburk-u-bavorova-vez\"\n                    alt=\"helfenburk-u-bavorova-vez\"\n                    src=\"https:\/\/chalupa.brusna.cz\/wp-content\/gallery\/hrady\/thumbs\/thumbs_helfenburk-u-bavorova-vez.jpg\"\n                    width=\"240\"\n                    height=\"160\"\n                    style=\"max-width:100%;\"\n                \/>\n            <\/a>\n        <\/div>\n\t\t\t\t\t\t\t<\/div> \n\t\t\t\n\t\n\t<br style=\"clear: both\" \/>\n\n\t\t<div class=\"slideshowlink\">\n        <a href='https:\/\/chalupa.brusna.cz\/index.php\/nggallery\/slideshow?page_id=21&#038;lang=cs'>[Uk\u00e1zat prezentaci]<\/a>\n\t\t\n\t<\/div>\n\t\n\t\t<!-- Pagination -->\n\t<div class='ngg-clear'><\/div>\t<\/div>\n\n<p>Pokud nechce jet nikam daleko, z\u00e1mek <a title=\"http:\/\/www.zamek-kratochvile.eu\/\" href=\"http:\/\/www.zamek-kratochvile.eu\/\" target=\"_blank\"><strong>Kratochv\u00edle<\/strong><\/a> je vzd\u00e1len\u00fd pouh\u00fdch 10km. Je to p\u0159\u00edjemn\u00fd zp\u016fsob, jak str\u00e1vit hodinku proch\u00e1zkou po renesan\u010dn\u00ed zahrad\u011b, kde m\u016f\u017eete posed\u011bt v mal\u00e9 kav\u00e1rn\u011b u \u0161\u00e1lku dobr\u00e9 k\u00e1vy a z\u00e1kusku a pozorovat labut\u011b v okrasn\u00e9m vodn\u00edm p\u0159\u00edkopu. Kratochv\u00edle se nach\u00e1z\u00ed u <a title=\"http:\/\/www.netolice.cz\/\" href=\"http:\/\/www.netolice.cz\/\" target=\"_blank\"><strong>Netolic<\/strong><\/a>, kde m\u016f\u017eete nav\u0161t\u00edvit muzeum, Archeopark a cestou dom\u016f doplnit z\u00e1soby pro V\u00e1\u0161 pobyt v m\u00edstn\u00edm supermarketu.<\/p>\n<!-- default-view.php -->\n<div\n\tclass=\"ngg-galleryoverview default-view  ngg-ajax-pagination-none\"\n\tid=\"ngg-gallery-f9910a1874179250d32a1d5955cfb024-1\">\n\n\t\t<!-- Thumbnails -->\n\t\t\t\t<div id=\"ngg-image-0\" class=\"ngg-gallery-thumbnail-box \" >\n\t\t\t\t        <div class=\"ngg-gallery-thumbnail\">\n            <a href=\"https:\/\/chalupa.brusna.cz\/wp-content\/gallery\/kratochvile\/kratochvile1.jpg\"\n               title=\"\"\n               data-src=\"https:\/\/chalupa.brusna.cz\/wp-content\/gallery\/kratochvile\/kratochvile1.jpg\"\n               data-thumbnail=\"https:\/\/chalupa.brusna.cz\/wp-content\/gallery\/kratochvile\/thumbs\/thumbs_kratochvile1.jpg\"\n               data-image-id=\"43\"\n               data-title=\"kratochvile1\"\n               data-description=\"\"\n               data-image-slug=\"kratochvile1\"\n               class=\"ngg-fancybox\" rel=\"f9910a1874179250d32a1d5955cfb024\">\n                <img\n                    title=\"kratochvile1\"\n                    alt=\"kratochvile1\"\n                    src=\"https:\/\/chalupa.brusna.cz\/wp-content\/gallery\/kratochvile\/thumbs\/thumbs_kratochvile1.jpg\"\n                    width=\"240\"\n                    height=\"160\"\n                    style=\"max-width:100%;\"\n                \/>\n            <\/a>\n        <\/div>\n\t\t\t\t\t\t\t<\/div> \n\t\t\t\n\t\t\t\t<div id=\"ngg-image-1\" class=\"ngg-gallery-thumbnail-box \" >\n\t\t\t\t        <div class=\"ngg-gallery-thumbnail\">\n            <a href=\"https:\/\/chalupa.brusna.cz\/wp-content\/gallery\/kratochvile\/kratochvile2.jpg\"\n               title=\"\"\n               data-src=\"https:\/\/chalupa.brusna.cz\/wp-content\/gallery\/kratochvile\/kratochvile2.jpg\"\n               data-thumbnail=\"https:\/\/chalupa.brusna.cz\/wp-content\/gallery\/kratochvile\/thumbs\/thumbs_kratochvile2.jpg\"\n               data-image-id=\"44\"\n               data-title=\"kratochvile2\"\n               data-description=\"\"\n               data-image-slug=\"kratochvile2\"\n               class=\"ngg-fancybox\" rel=\"f9910a1874179250d32a1d5955cfb024\">\n                <img\n                    title=\"kratochvile2\"\n                    alt=\"kratochvile2\"\n                    src=\"https:\/\/chalupa.brusna.cz\/wp-content\/gallery\/kratochvile\/thumbs\/thumbs_kratochvile2.jpg\"\n                    width=\"240\"\n                    height=\"160\"\n                    style=\"max-width:100%;\"\n                \/>\n            <\/a>\n        <\/div>\n\t\t\t\t\t\t\t<\/div> \n\t\t\t\n\t\t\t\t<div id=\"ngg-image-2\" class=\"ngg-gallery-thumbnail-box \" >\n\t\t\t\t        <div class=\"ngg-gallery-thumbnail\">\n            <a href=\"https:\/\/chalupa.brusna.cz\/wp-content\/gallery\/kratochvile\/kratochvile3.jpg\"\n               title=\"\"\n               data-src=\"https:\/\/chalupa.brusna.cz\/wp-content\/gallery\/kratochvile\/kratochvile3.jpg\"\n               data-thumbnail=\"https:\/\/chalupa.brusna.cz\/wp-content\/gallery\/kratochvile\/thumbs\/thumbs_kratochvile3.jpg\"\n               data-image-id=\"45\"\n               data-title=\"kratochvile3\"\n               data-description=\"\"\n               data-image-slug=\"kratochvile3\"\n               class=\"ngg-fancybox\" rel=\"f9910a1874179250d32a1d5955cfb024\">\n                <img\n                    title=\"kratochvile3\"\n                    alt=\"kratochvile3\"\n                    src=\"https:\/\/chalupa.brusna.cz\/wp-content\/gallery\/kratochvile\/thumbs\/thumbs_kratochvile3.jpg\"\n                    width=\"240\"\n                    height=\"160\"\n                    style=\"max-width:100%;\"\n                \/>\n            <\/a>\n        <\/div>\n\t\t\t\t\t\t\t<\/div> \n\t\t\t\n\t\n\t<br style=\"clear: both\" \/>\n\n\t\t<div class=\"slideshowlink\">\n        <a href='https:\/\/chalupa.brusna.cz\/index.php\/nggallery\/slideshow?page_id=21&#038;lang=cs'>[Uk\u00e1zat prezentaci]<\/a>\n\t\t\n\t<\/div>\n\t\n\t\t<!-- Pagination -->\n\t<div class='ngg-clear'><\/div>\t<\/div>\n\n","protected":false},"excerpt":{"rendered":"<p>Zat\u00edmco jste ubytov\u00e1ni v Brusn\u00e9, pro\u010d nevyu\u017e\u00edt p\u0159\u00edle\u017eitosti k n\u00e1v\u0161t\u011bv\u011b zaj\u00edmav\u00fdch m\u00edst v okol\u00ed. Ji\u017en\u00ed \u010cechy jsou zn\u00e1m\u00e9 pro sv\u00e9 barvit\u00e9 a malebn\u00e9 vesni\u010dky. Jednou z nich je bezesporu \u201eperla selsk\u00e9ho baroka&#8220; vesni\u010dka Hola\u0161ovice, kter\u00e1 je 14 km od Brusn\u00e9.\u00a0 Hola\u0161ovice byly v roce 1998 pro svoji ojedin\u011blost zaneseny do Seznamu kulturn\u00edho d\u011bdictv\u00ed UNESCO a [&hellip;]<\/p>\n","protected":false},"author":1,"featured_media":0,"parent":0,"menu_order":0,"comment_status":"closed","ping_status":"closed","template":"fullpage.php","meta":{"ngg_post_thumbnail":0},"_links":{"self":[{"href":"https:\/\/chalupa.brusna.cz\/index.php?rest_route=\/wp\/v2\/pages\/21"}],"collection":[{"href":"https:\/\/chalupa.brusna.cz\/index.php?rest_route=\/wp\/v2\/pages"}],"about":[{"href":"https:\/\/chalupa.brusna.cz\/index.php?rest_route=\/wp\/v2\/types\/page"}],"author":[{"embeddable":true,"href":"https:\/\/chalupa.brusna.cz\/index.php?rest_route=\/wp\/v2\/users\/1"}],"replies":[{"embeddable":true,"href":"https:\/\/chalupa.brusna.cz\/index.php?rest_route=%2Fwp%2Fv2%2Fcomments&post=21"}],"version-history":[{"count":4,"href":"https:\/\/chalupa.brusna.cz\/index.php?rest_route=\/wp\/v2\/pages\/21\/revisions"}],"predecessor-version":[{"id":197,"href":"https:\/\/chalupa.brusna.cz\/index.php?rest_route=\/wp\/v2\/pages\/21\/revisions\/197"}],"wp:attachment":[{"href":"https:\/\/chalupa.brusna.cz\/index.php?rest_route=%2Fwp%2Fv2%2Fmedia&parent=21"}],"curies":[{"name":"wp","href":"https:\/\/api.w.org\/{rel}","templated":true}]}}